e 0 = 4*b - w - 78, 48*b - 53*b = -3*w - 87. Give k(b).
-8
Let b(w) = 432*w - 16. Let m(i) = -185*i + 8. Let s(x) = -3*b(x) - 7*m(x). What is s(-11)?
3
Let p(o) be the second derivative of -188*o + 0 - 1/12*o**4 + 5/6*o**3 - 2*o**2. Determine p(7).
-18
Let r(o) = -7*o**3 - 972*o**2 + 162*o + 3196. Let z be r(-139). Let m(g) be the second derivative of 0*g**3 - 1/2*g**2 + 1/2*g**4 + 0 - g. What is m(z)?
5
Let y = 1111 + -1096. Let s(o) = -2*o + 49. What is s(y)?
19
Suppose -328*w - 21 = -331*w. Let f(v) = 3*v - 7*v + w*v - 4*v + 2. Calculate f(-2).
4
Suppose 0*p - 2 = 2*p - 4*r, -2*p - 3*r = -12. Let x = p - 42. Let j be (-279)/x - (-2)/(-13). Let c(n) = n + 1. Give c(j).
8
Suppose -38 = -7*m - 10. Let z(t) = -3*t - 3. Let y(i) = -6*i - 6. Let l(k) = -3*y(k) + 5*z(k). Give l(m).
15
Let w = 2700 + -2699. Let k(m) = -8*m**3 + m**2 - m - 1. What is k(w)?
-9
Suppose 0 = 3*f + 3*u + 15, -17 = 4*f + 2*u + 3*u. Let b(n) = 43292 - 3*n - 43286 + 0*n. Calculate b(f).
30
Let u(w) = -11*w**3 + 237*w**2 - 254*w + 125. Let f(k) = 7*k**3 - 145*k**2 + 169*k - 84. Let j(o) = 8*f(o) + 5*u(o). Calculate j(-21).
-5
Let y = -111 - 516. Let b = y - -631. Let q(r) = -r**3 + 2*r**2 + 3*r - 6. What is q(b)?
-26
Let i(f) = -55*f**2 - 8*f - 29. Let l(t) = -64*t**2 - 8*t - 31. Let r(j) = 7*i(j) - 6*l(j). What is r(-7)?
-10
Let c(n) = -n**2 - 4*n - 5. Let p(d) = -12*d**3 + 2*d**2 + 10*d - 6. Let j be p(5). Let l be 8584/j + 4/38. What is c(l)?
-17
Let m be ((-15)/(-9) + 1)/(6/18). Suppose l - 1 = -i, 5*i = -m*l + 6*l - 10. Let v(h) = h**3 + 3*h**2 - h + 4. Give v(i).
-8
Let j(l) be the third derivative of 6 + 1/6*l**4 - 1/30*l**5 + 0*l - 1/120*l**6 - 5/6*l**3 - 2*l**2. What is j(-4)?
11
Let z(l) = l**3 - l**2 - 8*l + 1. Let s(v) = -5*v**3 + 14*v**2 + 26*v - 5. Let d(q) = s(q) + 3*z(q). Calculate d(6).
-26
Let d(i) = -8*i - 42. Let t(p) = -p**2 - 316*p - 6201. Let r be t(-21). What is d(r)?
6
Let j(b) = b**2 - 3*b + 4. Let f be j(2). Let a(s) = f + 144*s - 141*s - 2 + 4. Determine a(-6).
-14
Let t(v) be the second derivative of v**3 - 3 + 1/12*v**4 - 4*v + 3*v**2. Give t(-5).
1
Let k(f) be the second derivative of -f**5/5 - f**4/6 - 5*f**3/6 - 5*f**2/2 + 2576*f. Give k(-1).
2
Let f(b) = b**3 + 10*b**2 + 14*b - 38. Suppose -2*p - 30 = 4*k, 5*k = 5*p - 77 + 62. Determine f(k).
22
Let l(y) be the first derivative of y**4/4 - 7*y**3/3 - 15*y**2/2 - 14*y - 1927. Give l(9).
13
Let u(w) = 39*w**3 - 3*w + 39*w**3 - 87*w**3 + 25*w**3 + w + 3*w**2. What is u(1)?
17
Let q(p) = -15*p**3 - 2*p**2 + p. Let h = 53 - 6. Suppose -3*f - 44 = -h. Determine q(f).
-16
Let j(c) = c**3 - 10*c**2 + 9*c + 11. Let k be 2/(-6) + (-280)/12*2/(-5). What is j(k)?
11
Let b(m) = -13*m**2 - 26*m - 7. Let k(q) = 2*q**2 + 11*q - 12. Let t be k(-6). Let y(f) = 7*f**2 + 14*f + 4. Let p(a) = t*b(a) - 11*y(a). Determine p(-3).
1
Let s(w) = -w**2 + 60*w - 172. Let z be s(57). Let c(x) = 0 - x + 3*x + 1 - 20*x**2. What is c(z)?
-21
Let d(q) = -q**3 - 2*q**2 + 3*q - 1. Let u be -2 + (-7 - -3) + 3. What is d(u)?
-1
Suppose 43*z - 1442 = -60*z. Let m(c) be the second derivative of z*c + 1/2*c**2 + 0 + 1/6*c**3. What is m(-3)?
-2
Let x(a) = 4*a**3 - 3*a**2 - 2*a - 4. Suppose 3*l - 44 = 22. Let p = l + -19. Let h(v) = -7*v**3 + 7*v**2 + 3*v + 8. Let k(c) = p*h(c) + 5*x(c). Determine k(6).
-2
Let s = 57 - 21. Let r = 43 - s. Suppose -4*z = -r*z + 6. Let f(w) = -w**3 + w**2 + 3*w - 2. Calculate f(z).
0
Let l(m) be the first derivative of m**3/3 - m**2/2 + 5*m - 2193. Calculate l(4).
17
Let c(d) = -3*d - 99. Let w(j) = j + 28. Let r(u) = -2*c(u) - 7*w(u). Let k = 4 - 10. Give r(k).
8
Let k = -1 + 4. Suppose 0 = k*w - 2*w. Let x(f) be the first derivative of -f**4/4 - f**3/3 + f**2/2 + f - 364. What is x(w)?
1
Let z = -9277 + 9273. Let k(n) = -11*n + 15. Give k(z).
59
Let l(t) = -t**3 + 25*t**2 - 22*t + 2. Let s(p) = 175*p - 3476. Let n be s(20). Calculate l(n).
50
Let x(w) = -2*w - 23. Let c(p) = -2*p**2 + 25*p + 45. Let d be c(14). Let a be (3 + -5 + 15)*(-3)/d. What is x(a)?
3
Let a(s) be the first derivative of 1 - s + 0*s**3 - 1/2*s**2 - 3/4*s**4. Let d(z) = z + 5. Let q be d(-6). What is a(q)?
3
Let y(l) = -8*l**2 + 15*l + 11. Let h(p) = -5*p**2 + 7*p + 5. Let k = -154 - -148. Let q(z) = k*y(z) + 13*h(z). Give q(1).
-17
Let p(b) be the first derivative of 2*b**3/3 - b - 7587. Let o(z) = -2*z**2 + 2*z + 2. Let q be o(2). Calculate p(q).
7
Let y(z) be the second derivative of 3*z**2 - 1/20*z**5 - 109*z + 0 - 1/2*z**3 + 1/3*z**4. Determine y(4).
-6
Suppose 5*v - 17 = -2, -j + 15 = 2*v. Suppose -j*h + 5*r + 1 = -7*h, -85 = 5*h + 5*r. Let u(q) = q**3 + 13*q**2 + 11*q - 6. Determine u(h).
6
Let j(y) = -576*y**2 - 6*y + 34. Let l(p) = 182*p**2 + 2*p - 11. Let w(o) = 6*j(o) + 19*l(o). What is w(4)?
35
Suppose 0 = 3*v + 3 - 9. Suppose -v*x - 11*k = -6*k - 24, -k + 4 = 0. Let u(z) = 0*z**2 + 3*z**2 - x*z**2 - 6*z**2. Give u(-2).
-20
Let j(w) = w**2 - 9*w - 10. Suppose 13*b - 2117 = 2706. Let f = 380 - b. What is j(f)?
-10
Let a(m) = 4*m**2 - 6*m + 1. Suppose 133*g - 203 - 43 = 10*g. Determine a(g).
5
Let n(t) be the second derivative of t**4/3 - 2*t**3/3 + 9*t**2/2 - 293*t + 1. Calculate n(5).
89
Let a(z) = z**3 + 2*z**2 - 4*z - 1. Let o = 70 - 50. Let t be (-2 - o/(-8))*0/(-2). Suppose -51*f + 54*f + 9 = t. Calculate a(f).
2
Let x(c) = -c**3 - 7*c**2 + 8*c - 4. Let v = -673 + 513. Let i = v - -152. What is x(i)?
-4
Let y(s) be the second derivative of -s**6/360 + s**5/120 + s**4/24 - s**3/2 + 15*s**2/2 - 21*s. Let k(u) be the second derivative of y(u). What is k(5)?
-19
Let v(a) = 48*a**2 - 55*a + 56. Let j(r) = 9*r**2 - 11*r + 11. Let b(n) = -11*j(n) + 2*v(n). Give b(2).
1
Let c(v) = -v**3 + v**2 + 14*v + 8. Let l be c(0). Let p(n) be the third derivative of -n**6/120 + 3*n**5/20 - n**4/3 + 5*n**3/6 - 15*n**2 - 1. Give p(l).
5
Let q(s) be the second derivative of -37*s**4/24 - s**3/6 + 44*s**2 - 2*s + 33. Let a(g) be the first derivative of q(g). What is a(-1)?
36
Let x(m) be the third derivative of -m**6/120 + 2*m**5/15 + m**4/4 + 31*m**3/6 - 45*m**2. Let c be x(9). Let u(l) = -l - 3. Give u(c).
-7
Let k(t) = t - 3. Suppose 5*d + 2*y - 32 = -2*y, -2*y = -2*d + 2. Suppose 0 = 5*i - c + 3 - d, -2 = 3*i + 2*c. Determine k(i).
-3
Let i(h) = h**2 + 2*h - 2. Let m = -1238 + 1236. Calculate i(m).
-2
Let j be 13 - 2*(-27 - 1)/(-7). Let m(y) = 5*y - 24. Determine m(j).
1
Let j(i) = -4*i**3 - i. Suppose -735 = 5*n - 5*o, 2*n + 2*n + 583 = 5*o. Let v be ((-2)/(-2))/(1*8/n). Let h = 18 + v. Calculate j(h).
5
Let o(d) = -8*d**3 - 3*d**2 - 3*d + 3. Let t = -1 - -3. Let i(b) = -b**2 - b**t - 2*b + 69*b**3 - 78*b**3 + 1 + 1. Let m(l) = -4*i(l) + 3*o(l). What is m(1)?
11
Let a(h) = -h - 1611 + 1607 + h**2 - h**2 - h**2. Determine a(-2).
-6
Let y(x) = 143*x - 1856. Let h be y(13). Let r(b) be the third derivative of 47*b**2 + 0*b - 1/60*b**5 + 0 - 1/8*b**4 - 1/2*b**h. Calculate r(-2).
-1
Let p(b) = b**3 - b**2 - 39*b + 6. Let h be p(0). Let d(f) = 20*f - 130. What is d(h)?
-10
Suppose -6 = -60*b + 114. Let s(g) be the first derivative of g**4/4 - 4*g**3/3 + 3*g**2/2 - 1. Determine s(b).
-2
Let q(h) = -20*h + 463. Let g be q(23). Let f(l) = -l**2 - 21*l + 64. Calculate f(g).
-8
Let r(a) = a**3 + 7*a**2 - 10*a - 18. Let l be r(-8). Let g be -2 - ((-2)/l)/((-1)/4). Let m(k) = 3*k**2 - 2*k. Give m(g).
8
Suppose 4*y - 17 = -13*y. Let j(n) = 7*n + 5. Let v(r) = -6*r - 4. Let o(k) = 5*j(k) + 6*v(k). Let i be o(y). Let g(l) = l**2 + 3. What is g(i)?
3
Let c = -7467 + 7470. Let n(p) = -2*p**2 - p - 1. Give n(c).
-22
Let j be 68 - ((-3)/(-1) - -1). Let k = 66 - j. Let l(f) = 6*f**k + 32 + f**3 + 31 - 70 + 4*f. Give l(-5).
-2
Let w(m) = 48*m**2 - 20*m + 7. Let v(f) = 17*f**2 - 7*f + 2. Let t(d) = 17*v(d) - 6*w(d). Let u be 1/7 + (-2)/14. Suppose -5*i + u*i = 0. Calculate t(i).
-8
Let z(s) be the first derivative of -27*s**2/2 + 295*s + 13718. What is z(11)?
-2
Let p(z) = 20*z - 675. Suppose 24*g - 122*g = -3185 - 147. What is p(g)?
5
Let c be -21*4/(-12) - 9. Let p be -7 - 0 - c - 1. Let r(d) = -d + 6. Give r(p).
12
Suppose 4*h + 53 = 17. Let i(z) be the first derivative of z**2/2 + 12*z - 69525. What is i(h)?
3
Let g(f) = f - 9. Let s be g(16). Suppose -22 = -8*l + s*l - 4*h, 2*h = 5*l. Let j be 6/(-2)*l*30/(-36). Let x(v) = v - 6. Give x(j).
-1
